4*a**3 + a + 4. What is the tens digit of l(j)?
3
Let n(u) = -u**3 + 6*u**2 + 2*u + 15. Let s be n(7). Let y be (s + -1 + -2)*-5. Suppose 4*g - y + 15 = 0. What is the units digit of g?
5
Suppose 4*u = -3*q + 35, 0*u = 5*q + 4*u - 53. Let p(t) = -t**3 + 9*t**2 + 10*t + 9. What is the units digit of p(q)?
9
Let p(a) = -82*a - 5. Let j be p(-3). Suppose -3*d = -j + 19. What is the units digit of d?
4
Let a(s) = -2*s**3 - 7*s**2 + 13*s - 4. What is the units digit of a(-8)?
8
Suppose -9*r + 859 - 238 = 0. Suppose r + 71 = 5*i. What is the units digit of i?
8
Let r(z) = 0*z + z**3 - 6*z**2 + 11*z - 1 - 2*z. Let l be r(4). Suppose -l*c - c = u - 41, 3*c = -5*u + 290. What is the tens digit of u?
6
Let z = -1041 + 3388. What is the units digit of z?
7
Suppose 33*w - 5*w = 9128. What is the units digit of w?
6
Let x(b) = 4*b - 23. Let q be x(15). Let h = q + 2. What is the units digit of h?
9
Suppose 43*o - 49*o = 96. What is the tens digit of (-1 - -272) + 3/(12/o)?
6
Suppose v - 1743 = -4*m - 349, -4*m = -3*v - 1386. What is the tens digit of m?
4
Suppose -2*w - 32 = -2*u, 2*u + 43 = 5*u + 2*w. What is the units digit of (u/(-9))/(5/(-105))?
5
Let j(q) = 23*q. Let t be j(2). Suppose -3*p + 98 = -t. Suppose z - 3*z = -p. What is the tens digit of z?
2
Suppose -32*r + 64463 = -51889. What is the tens digit of r?
3
Let z be 2640/(-9) + (-3)/(-9). Let g = z + 441. What is the tens digit of g?
4
Let n(d) = -d - 14. Let w be n(-13). What is the tens digit of w/(18/(-2308)) - 12/54?
2
Let r(h) = 8*h**2 + 3*h + 2. Let q = -62 + 65. What is the tens digit of r(q)?
8
Let j(o) = -o - 17. Let d be j(-21). What is the units digit of d/(-14) + ((-1474)/(-14) - 0)?
5
What is the hundreds digit of (105/28 - 3) + 2943/12?
2
Let h(l) = l - 7. Suppose 4*w = -2*c + 10 + 2, -3*c = -2*w + 22. Let o be h(w). What is the units digit of o/(-3) - (-3)/9?
1
Suppose 25*m + 194 = 23*m. Let c = 152 + m. What is the tens digit of c?
5
Let h = 272 - -207. Suppose -13*y + 912 = -h. What is the units digit of y?
7
Let b = 928 + -629. What is the units digit of b?
9
Suppose -5*p - 16 = 2*w, p = -4*w - p - 16. What is the units digit of (32/(7 + w))/1?
8
Suppose 0 = -2*p + 2*i + 22, -5*p + p - 2*i = -68. Suppose 0 = j + j - 4*z - 16, 0 = 5*z + p. Suppose 3*r + j = 4*r. What is the units digit of r?
2
Suppose -z + 5*z + 8 = 0. Suppose 5*o - 48 = 2. What is the units digit of (56/o)/(z/(-5))?
4
Suppose 34 = 3*r + 58. Let s(t) = -t**3 - 10*t**2 - 15*t + 10. What is the units digit of s(r)?
2
Let p(t) = -t**3 + 8*t**2 - 6*t + 1. Let w be p(7). What is the units digit of 6*w + 0/(-2)?
8
Let l(h) = -h**3 + 11*h**2 - 3*h + 2. What is the units digit of l(8)?
0
Let v(j) = 7*j**2 + 26*j + 175. What is the tens digit of v(19)?
9
Let f(w) = -102*w**2 - 3*w - 3. Let s be f(-1). Let y = 275 + s. Let z = -124 + y. What is the units digit of z?
9
Suppose -8 = 4*j, 34*j = -i + 32*j + 5181. What is the hundreds digit of i?
1
Suppose 4*w + 12 = 0, 5*i - 5*w + 2697 = 9*i. What is the hundreds digit of i?
6
Suppose -1037 = 16*m + 1507. What is the tens digit of (2/3)/(476/m + 3)?
0
Let b = -102 + 68. Let a be (13 - -3)/(4/14). Let u = b + a. What is the units digit of u?
2
Suppose -2*c + 2*v - 50 = 0, v + 115 = -c - 3*c. Suppose -10 = 2*q, -23 = d - q - 117. Let x = d + c. What is the units digit of x?
1
Suppose -3*j + 2975 = 875. What is the hundreds digit of j?
7
Let c = 1107 + -585. What is the hundreds digit of c?
5
Suppose -3*x = i - 357, -4*x - 3*i = -526 + 45. What is the units digit of x?
8
Let s be 1 + 1 + 2 + 4. Suppose -f + s*f = 427. What is the units digit of f?
1
Suppose 0*f + f = 176. Suppose 6*o - 10*o = -f. What is the units digit of (-1)/7 + o/14?
3
Suppose 6*s + 40 = 7*s. Suppose 10*q - s = 6*q. What is the units digit of (-170)/(-7) - q/35?
4
Let j = 28 + -34. What is the tens digit of ((-8)/(-4))/(j/(-75))?
2
Let a = -15 - -2. Let x = a - -52. What is the units digit of x?
9
What is the hundreds digit of (4 - (-8)/10)/(21/17010)?
8
Suppose -u + 6 = 15. What is the tens digit of ((-3)/u)/(3/108)?
1
Suppose 3*x = 8*x. Let y be x/(2/(-1)) - -4. Suppose -y*w = -9*w + 40. What is the units digit of w?
8
Suppose 210 = 2*b - 4*q, 2*q - 184 = -3*b + 91. Let d be (-7)/((-28)/8) + -4 + 26. Let y = b - d. What is the units digit of y?
1
Suppose -3*a + 4*b - 2416 = -7*a, 0 = -b. What is the tens digit of a?
0
Let a(u) = 32*u + 16. Let k be a(-10). Let g be 2/(-10) + k/(-20). What is the tens digit of (-14 + 4)/((-3)/g)?
5
Let u(j) = 3*j**2 - j + 4. Suppose 5*o - 10 = 3*o. What is the tens digit of u(o)?
7
What is the thousands digit of (51 + 0)*7/((-441)/(-1302))?
1
Let o(s) = 5*s**2 - 9*s + 8. Let x be o(5). Let t be 3/2*x/12. What is the units digit of 2/t + 522/33?
6
Let k be (-4)/(4/144*-1) - -1. Suppose -q = -0*q + 5*m - 169, -q + k = -3*m. What is the hundreds digit of q?
1
Suppose 4*v - 4 = -h, -3*v + 8*v - 5 = 5*h. Let s(l) = 82*l**3 + l**2 - 2*l + 1. What is the tens digit of s(v)?
8
What is the hundreds digit of -1 - ((7 - (0 - -5)) + -1627)?
6
Suppose -11*d - 2*m = -7*d - 646, 621 = 4*d - 3*m. What is the hundreds digit of d?
1
Let n = 0 - -8. Suppose -261 = -v - n. What is the units digit of v?
3
Let x(u) = -18*u + 0*u**2 + 43*u + 0 - 1 - u**2. What is the units digit of x(16)?
3
Let d(b) be the third derivative of b**5/60 - 5*b**4/24 - 7*b**3/3 + 9*b**2. What is the units digit of d(-8)?
0
Suppose 2*i - 8 = -4. What is the units digit of 8/3*i*(4 - -2)?
2
Let h(s) = -s**2 + 13*s + 34. Let t be h(15). Suppose -5*r + 490 = t*m, -3*m = -5*r - 225 - 160. What is the units digit of m?
5
Suppose 0 = 58*i - 36*i - 15180. What is the tens digit of i?
9
Let z(t) = -t**3 - 9*t**2 - 7*t + 9. Let i be z(-8). Suppose 8 + i = 3*h. Suppose -h*m - 3 + 21 = 0. What is the units digit of m?
6
Suppose -28*f + 23007 = -17621. What is the units digit of f?
1
Let x(p) = 10*p**2 - 40*p + 53. What is the tens digit of x(11)?
2
Suppose -38*l = -43*l + 2335. Suppose 4*t - l = 97. What is the tens digit of t?
4
Let p = 61 - -63. Suppose -195 = -5*g - o, g - 2*o + p = 4*g. Suppose -3*d = -3*j - d + 58, j + 4*d = g. What is the tens digit of j?
2
Suppose 2*c = -4*i + 8, 0 = -c + 3*i + 2*i + 4. Suppose -c*z - 136 = -3*f, -4*z - 10 = -6*z. What is the tens digit of f?
5
Let y = 5282 - 2719. What is the units digit of y?
3
Let p = 754 - 315. What is the tens digit of p?
3
Suppose 0 = -2*u + 4*u - 12. Suppose -u*w + 10 = -w - 2*i, 4*i = 0. Suppose -w*s + 3 = 7, -2*y = 2*s - 10. What is the units digit of y?
7
Let k = 67 + -32. Suppose 0*d = 5*d - 15, k = -4*i + 5*d. Let q(v) = -v**3 - 5*v**2 - 3*v + 7. What is the units digit of q(i)?
2
Let c = -27 - -650. What is the tens digit of c?
2
Let d be 2/10 - (-108)/10. Let m = -2 - -4. Suppose 5 = m*i - d. What is the units digit of i?
8
Let u(f) = f**3 - 13*f**2 + 39*f + 14. What is the hundreds digit of u(13)?
5
Let m(w) = -w**3 + 7*w**2 - 5*w - 5. Let u be m(6). Let j be 2 - -5 - (1 + u). Let i(a) = 3*a - 13. What is the units digit of i(j)?
2
Let g(k) be the first derivative of 0*k + 6 - 1/2*k**2 + k**3. What is the units digit of g(-2)?
4
Suppose 7*f + 4*f - 10571 = 0. What is the units digit of f?
1
Let j = 817 + -42. What is the hundreds digit of j?
7
Let b = -29 - -29. Suppose 4*h = -5*m, m + 1 = -h - b. Let c(j) = 12*j + 5. What is the units digit of c(m)?
3
What is the hundreds digit of (-1579)/(-4) - 145/(-580)?
3
Let a = 89 - 139. Let y = -43 - a. What is the units digit of y?
7
Let m = 155 - -254. What is the hundreds digit of m?
4
Suppose -4*i = -4*z - 8*i, -2*i - 2 = 0. Suppose 0 = -4*y + z + 247. What is the units digit of y?
2
Let a(w) = w**2 - 5*w - 9. Let o be a(7). Suppose t + 279 = 4*d, 0 = -2*d + o*d - 3*t - 216. What is the units digit of d?
9
Let o = -18 + 26. Suppose l = -o + 30. What is the tens digit of l?
2
Let c be 2*((-3)/(-3) + 0). Suppose 0 = -u + c*u + 10. What is the tens digit of ((-3)/4)/(u/280)?
2
What is the tens digit of 1192*1 - (-20)/(-35)*7?
8
Suppose -6*f + f + 15 = 0. Suppose -4*z + 6*n + 827 = 9*n, -f*z - n + 619 = 0. What is the hundreds digit of z?
2
Let o be 20*(((-316)/(-10) - -4) + -4). Let f = o - 410. What is the hundreds digit of f?
2
Let t(u) = -8*u + 93. Let b be t(13). Suppose 88 = 3*m + 3*q + q, 5*q = -2*m + 